{"id":1255,"date":"2020-08-08T19:12:07","date_gmt":"2020-08-08T19:12:07","guid":{"rendered":"http:\/\/trinivica.com\/?page_id=1255"},"modified":"2020-08-16T21:22:57","modified_gmt":"2020-08-16T21:22:57","slug":"volkswagen-escarabajo","status":"publish","type":"page","link":"https:\/\/trinivica.com\/?page_id=1255","title":{"rendered":"Volkswagen- Escarabajo"},"content":{"rendered":"\t\t<div data-elementor-type=\"wp-page\" data-elementor-id=\"1255\" class=\"elementor elementor-1255\">\n\t\t\t\t\t\t<div class=\"elementor-inner\">\n\t\t\t\t<div class=\"elementor-section-wrap\">\n\t\t\t\t\t\t\t\t\t<section class=\"elementor-section elementor-top-section elementor-element elementor-element-87efc39 elementor-section-boxed elementor-section-height-default elementor-section-height-default\" data-id=\"87efc39\" data-element_type=\"section\">\n\t\t\t\t\t\t<div class=\"elementor-container elementor-column-gap-default\">\n\t\t\t\t\t\t\t<div class=\"elementor-row\">\n\t\t\t\t\t<div class=\"elementor-column elementor-col-100 elementor-top-column elementor-element elementor-element-6334e5a\" data-id=\"6334e5a\" data-element_type=\"column\">\n\t\t\t<div class=\"elementor-column-wrap elementor-element-populated\">\n\t\t\t\t\t\t\t<div class=\"elementor-widget-wrap\">\n\t\t\t\t\t\t<div class=\"elementor-element elementor-element-4ec1875 elementor-widget elementor-widget-image\" data-id=\"4ec1875\" data-element_type=\"widget\" data-widget_type=\"image.default\">\n\t\t\t\t<div class=\"elementor-widget-container\">\n\t\t\t\t\t\t\t\t<div class=\"elementor-image\">\n\t\t\t\t\t\t\t\t\t\t\t\t<img width=\"594\" height=\"1024\" src=\"https:\/\/trinivica.com\/wp-content\/uploads\/2020\/08\/volksbagen--594x1024.jpg\" class=\"attachment-large size-large wp-image-1333\" alt=\"\" loading=\"lazy\" srcset=\"https:\/\/trinivica.com\/wp-content\/uploads\/2020\/08\/volksbagen--594x1024.jpg 594w, https:\/\/trinivica.com\/wp-content\/uploads\/2020\/08\/volksbagen--174x300.jpg 174w, https:\/\/trinivica.com\/wp-content\/uploads\/2020\/08\/volksbagen--768x1324.jpg 768w, https:\/\/trinivica.com\/wp-content\/uploads\/2020\/08\/volksbagen--891x1536.jpg 891w, https:\/\/trinivica.com\/wp-content\/uploads\/2020\/08\/volksbagen--1188x2048.jpg 1188w, https:\/\/trinivica.com\/wp-content\/uploads\/2020\/08\/volksbagen--scaled.jpg 1484w\" sizes=\"(max-width: 594px) 100vw, 594px\" \/>\t\t\t\t\t\t\t\t\t\t\t\t\t\t<\/div>\n\t\t\t\t\t\t<\/div>\n\t\t\t\t<\/div>\n\t\t\t\t\t\t<\/div>\n\t\t\t\t\t<\/div>\n\t\t<\/div>\n\t\t\t\t\t\t\t\t<\/div>\n\t\t\t\t\t<\/div>\n\t\t<\/section>\n\t\t\t\t<section class=\"elementor-section elementor-top-section elementor-element elementor-element-db3cdee elementor-section-boxed elementor-section-height-default elementor-section-height-default\" data-id=\"db3cdee\" data-element_type=\"section\">\n\t\t\t\t\t\t<div class=\"elementor-container elementor-column-gap-default\">\n\t\t\t\t\t\t\t<div class=\"elementor-row\">\n\t\t\t\t\t<div class=\"elementor-column elementor-col-100 elementor-top-column elementor-element elementor-element-3eb50e1\" data-id=\"3eb50e1\" data-element_type=\"column\">\n\t\t\t<div class=\"elementor-column-wrap elementor-element-populated\">\n\t\t\t\t\t\t\t<div class=\"elementor-widget-wrap\">\n\t\t\t\t\t\t<div class=\"elementor-element elementor-element-b4cac8a elementor-widget elementor-widget-text-editor\" data-id=\"b4cac8a\" data-element_type=\"widget\" data-widget_type=\"text-editor.default\">\n\t\t\t\t<div class=\"elementor-widget-container\">\n\t\t\t\t\t\t\t\t<div class=\"elementor-text-editor elementor-clearfix\">\n\t\t\t\t\t\t\t\t\t<\/div>\n\t\t\t\t\t\t<\/div>\n\t\t\t\t<\/div>\n\t\t\t\t<div class=\"elementor-element elementor-element-c69bc72 elementor-widget elementor-widget-heading\" data-id=\"c69bc72\" data-element_type=\"widget\" data-widget_type=\"heading.default\">\n\t\t\t\t<div class=\"elementor-widget-container\">\n\t\t\t<h1 class=\"elementor-heading-title elementor-size-small\">Novela que narra la historia de una pareja de enamorados y lo\nimportante que fue en sus vidas un coche de segunda mano,\nen una \u00e9poca que no estaban al alcance del trabajador. Tiempos\nen los que tener uno, aunque fuera de segunda mano, era todo\nun lujo. El \u201cEscarabajo\u201d de esta historia participa activamente\nen sus correr\u00edas juveniles en los a\u00f1os 60 -70 \u00e9poca de mayor\nafluencia de forasteros venidos a la ciudad de Barcelona desde\notras regiones: Arag\u00f3n, Extremadura, Galicia, Andaluc\u00eda, que\nse desplazaron para cubrir las necesidades de mano de obra en\nperiodo de gran desarrollo econ\u00f3mico e industrial en Catalu\u00f1a<\/h1>\t\t<\/div>\n\t\t\t\t<\/div>\n\t\t\t\t\t\t<\/div>\n\t\t\t\t\t<\/div>\n\t\t<\/div>\n\t\t\t\t\t\t\t\t<\/div>\n\t\t\t\t\t<\/div>\n\t\t<\/section>\n\t\t\t\t<section class=\"elementor-section elementor-top-section elementor-element elementor-element-418f76c elementor-section-boxed elementor-section-height-default elementor-section-height-default\" data-id=\"418f76c\" data-element_type=\"section\">\n\t\t\t\t\t\t<div class=\"elementor-container elementor-column-gap-default\">\n\t\t\t\t\t\t\t<div class=\"elementor-row\">\n\t\t\t\t\t<div class=\"elementor-column elementor-col-100 elementor-top-column elementor-element elementor-element-e5844b9\" data-id=\"e5844b9\" data-element_type=\"column\">\n\t\t\t<div class=\"elementor-column-wrap elementor-element-populated\">\n\t\t\t\t\t\t\t<div class=\"elementor-widget-wrap\">\n\t\t\t\t\t\t<div class=\"elementor-element elementor-element-8663b68 elementor-widget elementor-widget-text-editor\" data-id=\"8663b68\" data-element_type=\"widget\" data-widget_type=\"text-editor.default\">\n\t\t\t\t<div class=\"elementor-widget-container\">\n\t\t\t\t\t\t\t\t<div class=\"elementor-text-editor elementor-clearfix\">\n\t\t\t\t<p>AMOR.<br \/>Podr\u00e1 inundarse la tierra<br \/>Secarse el mar ante mi vista<br \/>Nublarse el sol del mediod\u00eda<br \/>pero el amor permanecer\u00e1<br \/>siempre, y cuando cierre los<br \/>ojos me lo llevar\u00e9 conmigo<br \/>al otro lado, a la otra vida.<br \/>Trinidad Vi\u00f1as.<\/p>\t\t\t\t\t<\/div>\n\t\t\t\t\t\t<\/div>\n\t\t\t\t<\/div>\n\t\t\t\t\t\t<\/div>\n\t\t\t\t\t<\/div>\n\t\t<\/div>\n\t\t\t\t\t\t\t\t<\/div>\n\t\t\t\t\t<\/div>\n\t\t<\/section>\n\t\t\t\t\t\t\t\t\t<\/div>\n\t\t\t<\/div>\n\t\t\t\t\t<\/div>\n\t\t ","protected":false},"excerpt":{"rendered":"<p>Novela que narra la historia de una pareja de enamorados y lo importante que fue en sus vidas un coche de segunda mano, en una \u00e9poca que no estaban al alcance del trabajador. Tiempos en los que tener uno, aunque fuera de segunda mano, era todo un lujo. El \u201cEscarabajo\u201d de esta historia participa activamente [&hellip;]<\/p>\n","protected":false},"author":1,"featured_media":0,"parent":0,"menu_order":0,"comment_status":"closed","ping_status":"closed","template":"","meta":[],"_links":{"self":[{"href":"https:\/\/trinivica.com\/index.php?rest_route=\/wp\/v2\/pages\/1255"}],"collection":[{"href":"https:\/\/trinivica.com\/index.php?rest_route=\/wp\/v2\/pages"}],"about":[{"href":"https:\/\/trinivica.com\/index.php?rest_route=\/wp\/v2\/types\/page"}],"author":[{"embeddable":true,"href":"https:\/\/trinivica.com\/index.php?rest_route=\/wp\/v2\/users\/1"}],"replies":[{"embeddable":true,"href":"https:\/\/trinivica.com\/index.php?rest_route=%2Fwp%2Fv2%2Fcomments&post=1255"}],"version-history":[{"count":22,"href":"https:\/\/trinivica.com\/index.php?rest_route=\/wp\/v2\/pages\/1255\/revisions"}],"predecessor-version":[{"id":1452,"href":"https:\/\/trinivica.com\/index.php?rest_route=\/wp\/v2\/pages\/1255\/revisions\/1452"}],"wp:attachment":[{"href":"https:\/\/trinivica.com\/index.php?rest_route=%2Fwp%2Fv2%2Fmedia&parent=1255"}],"curies":[{"name":"wp","href":"https:\/\/api.w.org\/{rel}","templated":true}]}}